= 18*d. Is d prime?
False
Is (8626/8)/((-35)/(-140)) a composite number?
True
Let h(y) = -102*y + 133. Is h(-37) prime?
True
Let z = -5518 + 21735. Is z composite?
False
Let q be (14/(-8))/(1/36). Let s = q - -356. Is s prime?
True
Let p = 149 + -21. Let l = 333 - p. Is l a prime number?
False
Suppose -364*z + 356*z + 40336 = 0. Is z composite?
True
Is ((-9098)/(-10))/(5/50) a prime number?
False
Let z = -13862 - -27769. Is z composite?
False
Let x(u) = -8*u - 5. Let i be x(-2). Let n(q) = 117*q. Let d be n(i). Let a = d + -400. Is a prime?
True
Let c = 31228 + -21191. Is c a composite number?
False
Let h be 15 - ((-9)/7 + (-24)/(-84)). Suppose -h*b - 2829 = -19*b. Is b composite?
True
Suppose -5*m = -4*h - 19 - 37, -m - 2*h = 0. Let p(g) = -5*g**2 + 8 - 5 + g**3 + 6. Is p(m) prime?
False
Suppose -116*c + 113*c = -1623. Is c composite?
False
Suppose -7*f + 51 = -12. Suppose -f*o + 1035 + 2223 = 0. Is o composite?
True
Let w(c) = -12*c + 4. Let q be w(1). Let y(n) be the first derivative of 3*n**3 + n**2 - 19*n + 7. Is y(q) a composite number?
False
Suppose 4*k - 3*s - 6 = 2*k, k - 5*s = 3. Let v be (-111)/(k/(-6)*-2). Let l = v - -346. Is l a composite number?
True
Let g be 2 + 154 - 64/16. Is 3458/g - (-2)/8 prime?
True
Is ((-14)/(-28))/(2/14284 - 0) a prime number?
True
Let d = 497 + -286. Is d composite?
False
Let k be (0 + 78)/(4 + -2). Suppose -k = -m + 93. Suppose -3*a + 297 = -m. Is a a prime number?
False
Let v = 16465 + -11270. Is v composite?
True
Let x(j) = 2*j + 2. Let m be x(0). Suppose 3*v - m*d = 3*d + 288, 5*v - 520 = -5*d. Let n = 244 - v. Is n prime?
False
Suppose 82174 = 42*i - 135764. Is i a prime number?
True
Suppose 0 = 4*l - 172 + 44. Suppose -33*s = -l*s - 4487. Is s a composite number?
True
Suppose 64*p + 15417 - 175609 = 0. Is p composite?
False
Let j be ((-290)/(-4))/(5 - 174/36). Let d = 1154 - j. Is d a prime number?
True
Let o(h) = 1254*h - 131. Is o(5) composite?
True
Let v = 2120 - 1491. Is v prime?
False
Suppose 0 = -2*f + 4, -3*g + 1614 - 476 = -4*f. Is g composite?
True
Suppose 45*c - 83329 = 125696. Is c composite?
True
Let i(v) = -4*v**3 + v - 1. Let y be i(-2). Let z(b) = 2*b**3 + 6*b**2 - 9*b - 12. Let x be z(-4). Let k = y + x. Is k a prime number?
False
Suppose 33687 = 5*t - 4*h, -25*t + 2*h - 33699 = -30*t. Is t a composite number?
True
Is (-67762)/102*(-5 - -2) a prime number?
True
Let j = 3 + 2. Suppose -2*g = -j*g - 3*m - 39, 0 = -2*g - 4*m - 36. Let i(c) = 6*c**2 - 5. Is i(g) a prime number?
True
Suppose 12*l = 20*l - 7024. Suppose -1756 = -4*p + 5*r, -2*p + 0*p = -4*r - l. Is p a composite number?
False
Suppose -4*p + 7*m - 5*m = 46, 2*p - 5*m + 43 = 0. Is p/6*662/(-3) a prime number?
True
Is (2 + 1165/(-4))/(79/(-316)) prime?
False
Suppose -14 = 5*t - 74. Suppose 3*g + 0*g - 6 = u, 4*u = t. Suppose -g*a = -523 - 1706. Is a prime?
True
Let j = -16 + 21. Suppose -3*z + j*z = 6, 0 = 3*v - 4*z. Suppose -3197 = -4*r - r - v*k, 0 = -2*r + 3*k + 1288. Is r composite?
False
Let o(m) = -m**2 + 11*m - 10. Let j be o(7). Is 6/9 - (-28086)/j prime?
False
Let d(r) = -78*r**3 - r**2 - 21*r - 1. Is d(-4) a composite number?
False
Suppose 0 = 3*h - 3*a - 12207, 2*a = -7*h + 2*h + 20373. Is h a prime number?
True
Let v be 33660/136*-24*(-4)/(-10). Let f = v - -3659. Is f a prime number?
True
Let h be 1 + 0 + -3 + (13 - 7). Suppose h*i = i, -314 = -2*b - 5*i. Is b a prime number?
True
Suppose 5*f + 2*l + 15 = l, 2*l = -3*f - 9. Let t(n) = n + 5. Let y be t(f). Suppose 5*p + 4*b - 257 = -0*b, 0 = -5*p - y*b + 261. Is p prime?
True
Suppose -2*x + 424 = b - 4*b, -x + b = -212. Let s be x - 4*1/2. Is 2 + -2 + (s - -1) a composite number?
False
Let r = 4003 - -1076. Let k = 2004 + -321. Suppose -4*v - k + r = 0. Is v composite?
True
Suppose -3*r + 5*r + 3*k - 8645 = 0, 2*k + 6 = 0. Is r a prime number?
True
Let m = 52 - 9. Let u = 468 - 180. Let i = u + m. Is i prime?
True
Suppose -348*m = -350*m - 6. Let f = 74 + -114. Let k = m - f. Is k a prime number?
True
Let x be ((-1)/3)/(7/(-6153)). Suppose -4*r = -3*y + 1602, -2*y - 3*r = -x - 758. Suppose 4*k + 0*h = -3*h + 518, -4*k + y = -3*h. Is k composite?
False
Let n = 75 + -71. Suppose 3 = -l, -8*l = x - n*l - 1103. Is x composite?
True
Suppose 230335 = -3*v + 10*v. Is v a prime number?
False
Suppose 7*n - 3*n = u + 21, 0 = -3*n - u + 14. Suppose 3*r - 650 = 2*w + 3437, 4*w - 6797 = -n*r. Is r a composite number?
False
Let q(c) = c**2 + 10*c - 3 + 11 + 3*c. Let r be q(-9). Let d = r + 39. Is d composite?
False
Let t = -8647 + 17288. Is t a prime number?
True
Let d(o) = 328*o**2 - 3*o - 2. Let m be d(3). Suppose -2*k + s = -7*k + 2932, m = 5*k - 2*s. Is k a composite number?
False
Let m = 1 - -1. Let x be m/(-6) - 26260/(-30). Let l = -462 + x. Is l prime?
False
Let s = -989 + 1942. Is s prime?
True
Let d(o) = 9*o - 19. Suppose -5*f + 10*f = -5. Let i(h) = -h. Let q(p) = f*d(p) + 5*i(p). Is q(-12) a composite number?
True
Suppose -5*b = b - 18. Suppose b*a - 2220 = -2*a. Suppose 3*f = 3*r - 15 - 423, f = 3*r - a. Is r a composite number?
False
Let a = -433 + 696. Is a a composite number?
False
Let h(k) = -k**2 - 8*k - 4. Let p be h(-7). Let u be 1304/24 - (-2)/p. Is 5/((-15)/6) + u composite?
False
Let c = 17 - 15. Suppose z - 107 = 4*p, -c*z + 172 + 57 = -3*p. Is z a composite number?
True
Let p = 4914 + -3376. Is p prime?
False
Let h(t) = 3*t**2 - 31*t + 6. Let g be h(10). Is (g - 8/(-2)) + 306 + 1 composite?
False
Suppose -4*p = p. Suppose p*g = -4*g + 8. Suppose 0*j + 5*j = 5*y - 70, 5*y = -g*j + 105. Is y a prime number?
True
Let f be (-2)/(-6)*2/((-4)/6). Let k(q) = 77*q + 6. Let s(b) = 76*b + 5. Let r(n) = 4*k(n) - 5*s(n). Is r(f) composite?
False
Suppose i + 4*i - 45385 = 0. Suppose -5*n = 1962 - i. Is n prime?
True
Is -1*(0 - -1)*-653 composite?
False
Suppose -5*v = -3*u + 39 + 34, u + 72 = -4*v. Let r = v - -11. Is (-2202)/(-4) - r/12 a prime number?
False
Suppose -31*q = -77412 - 186119. Is q a composite number?
False
Let m be -6 + 3 - (1 + -9). Suppose m*i - 861 = 6809. Suppose -i = -4*f - 522. Is f prime?
False
Suppose -3*i + z + 15682 = 0, 5*i - 18448 = -z + 7686. Is i a prime number?
True
Is -3 - (-20 + 22 - (-1 - -4112)) a prime number?
False
Suppose -4*k = 3*g - 48175, -157*g - 48170 = -160*g + k. Is g a prime number?
True
Let s(h) = -70*h + 2. Let i be s(-5). Let o = 497 - i. Is o prime?
False
Suppose -5*s - 3*c + 10259 = 0, -16*s + 17*s = -4*c + 2045. Is s a prime number?
True
Let h be 65/(0/(-2) - -1). Let c = 118 - h. Is c prime?
True
Suppose -14*i = -4*i - 8940. Suppose -4*h = r + h - i, 5*r - 4*h - 4441 = 0. Is r composite?
True
Suppose 3*q - 2*f - 71 = 0, 5*q - 8*q = 5*f - 43. Is -2 - (1015/q)/((-2)/6) a composite number?
True
Let g = 1230 + -838. Let f be 9/(-2)*(1 + -7). Suppose -d + f = -g. Is d prime?
True
Let i(d) = -2*d**3 + 53*d**2 - 22*d + 27. Let t = -56 - -78. Is i(t) a prime number?
False
Let l = -78 + 77. Is (307 - 14) + 0 + -1 + l composite?
True
Let h(j) = j**2 - 4*j + 7. Let f be h(3). Suppose 0*t - 764 = f*t. Let n = 294 + t. Is n a composite number?
False
Suppose 9*m - 11*m + 12 = 0. Is (m/(-9))/((-2)/2229) composite?
False
Let b(w) be the third derivative of 1/30*w**5 + 0 + 1/8*w**4 + 0*w + 13*w**2 + 1/3*w**3 + 7/60*w**6. Is b(3) a composite number?
True
Let a be 22/33 + (-1933)/(-3). Suppose 3*w = -2*w + a. Is w a prime number?
False
Let i(g) = -10*g**3 + g**2 + 3*g - 1. Let z(c) = 11*c**3 - c**2 - 4*c + 1. Let n(a) = -a - 4. Let d be n(-6). Let x(l) = d*z(l) + 3*i(l). Is x(-2) prime?
False
Suppose a - 3 = 0, -5*m - 4*a + 25 = a. Suppose 0 = -3*h - m*s + 4039, 0 = -2*h + 4*s - 7*s + 2696. Is h a prime number?
False
Suppose 29*h - 43584 = 33875. Is h a composite number?
False
Suppose 4 = 4*x, -2*z + 2*x - 7*x + 15 = 0. Suppose z*l = 2*n - 7*n + 3130, 3*l + 1277 = 2*n. Is n a composite number?
False
Is (-6126224)/(-80) + -17 + (-1)/(-5) composite?
False
Let u be (2 + 3)*(5 - 4). Let y(l) = 7*l + 2. Is y(u) a prime number?
True
Suppose d - 1881 = -4*x, -3*d + 1433 = -5*x - 4125. Is d prime?
True
Let u = -12 + -9. Let r be u/(-14)*10/3. Suppose -4*m + 657 + 690 = -d, 0 = -r*m + 3*d + 1682. Is m a composite number?
False
Let c(j) = 54*j**2 - j - 11. Let l(u) = -108*u**2 + 2*u + 21. Let f(b) = 11*c(b) + 6*l(b). Let i be f(3). Le